 -105*u + 363841 = -187818 - 10616. What is the thousands digit of u?
5
Let m = 264 + -548. Let z = 327 + m. What is the units digit of z?
3
Let y = -6413 + 11975. What is the thousands digit of y?
5
Let s(v) = -2*v**3 - v**2 - 5*v - 5. Let d be s(-2). Suppose 5 = -g - d. Let u = g - -30. What is the units digit of u?
8
Suppose -11*m = 3*m - 140. What is the units digit of 44/(-5)*((-115)/m + -1)?
0
Let z(h) = -h**2 - 20*h - 4. Suppose -43 = w - 23. Let u be z(w). What is the hundreds digit of (u/6)/((-20)/4290)?
1
Let f be (-2)/5 - ((-24468)/20 - 5). Let l(s) = 9*s**2 - 8*s + 1. Let q be l(-6). Suppose -q = 5*x - f. What is the hundreds digit of x?
1
Suppose -42 = -26*n + 19*n. Let t be 67 + (n - 10) + (0 - 0). Suppose -96 = -3*v - 3*f + t, 0 = -4*v + f + 237. What is the tens digit of v?
5
Let o be 4 + (1 - (-1 + -1)). Suppose -o*j + 1598 = -1265. Suppose -8*x = -j - 1311. What is the hundreds digit of x?
2
Suppose 0 = -3619*a + 3563*a + 1271592. What is the tens digit of a?
0
Suppose -4*a - 6*a + 330 = 0. Let p = a + -33. Suppose 4*t + 3*s = -p*s + 351, 352 = 4*t + 4*s. What is the tens digit of t?
8
Suppose 1933 - 461 = 8*n. Suppose -286 = -r + n. What is the hundreds digit of r?
4
Let n(a) be the first derivative of -4*a**2 + 101*a + 30. What is the hundreds digit of n(0)?
1
Suppose 5*n - 2*n = 3, -5*n + 53 = 4*f. Let k be 87/24 - f/(-32). Suppose -k*l = -3*l - 67. What is the tens digit of l?
6
Suppose -2*x - 237*f + 236*f + 36938 = 0, -2*x + 2*f = -36926. What is the hundreds digit of x?
4
Suppose 13*o - 876 = 9*o. Let r = o - 38. What is the hundreds digit of r?
1
Let y be 1/8*-6 + (-4550)/(-8). Suppose 0 = -9*o + 323 + y. What is the units digit of o?
9
Let f = -31003 - -68238. What is the ten thousands digit of f?
3
Suppose -r = -3*r + 2, 2*n - 10 = -2*r. What is the tens digit of 5583/27 + n/18 - 1?
0
Let m(q) be the first derivative of 10*q**3/3 + 5*q**2 - 73*q + 96. What is the tens digit of m(6)?
4
Let d be (-5 - 159) + 1*4/4. Let m = d - -1001. What is the hundreds digit of m?
8
Let z(s) = 5*s + 62. Let j be z(-12). Let w be j + (66 - 0) + -2*1. What is the units digit of w/2 - (-13 + 12)?
4
What is the units digit of (34256/12)/(-11*72/(-10098))?
7
What is the tens digit of (-112)/((-23)/((-966)/(-28)))?
6
Let z be 2/7 - 372*(-9)/(-252). What is the units digit of 178*(-15)/(-6) - (z - -8)?
0
Let d be ((-28243)/(-244))/((-2)/(-8)). Suppose 0 = 7*n + d - 8576. What is the thousands digit of n?
1
Suppose 0 = -4*g + 69 + 135. Let t = 54 - g. Suppose 4*d = -2*a + 776, -t*d + 4*a + 434 = -148. What is the tens digit of d?
9
Suppose -3*r = -7*r - 4, -3*r = -3*b + 6. What is the tens digit of -2 + b - (-117 - -5)?
1
Let z = -6231 + 7596. What is the hundreds digit of z?
3
Suppose -104*f = 17*f + 94*f - 1129180. What is the hundreds digit of f?
2
Let z be (3*5/(-3))/(-3 + 2). Suppose -2*g + z*l - 1485 = 0, 2*l + 2004 + 1752 = -5*g. What is the tens digit of (-1)/(1*5/g)?
5
Suppose -32*l = -33*l - 132. Let j = l - -421. What is the units digit of j?
9
Let s(a) = -a**3 - 4*a**2 + 19*a + 72. Let w be s(-5). Suppose -50 - 10 = -w*b. What is the units digit of b?
0
Suppose j = -5*c + 48, 2*j - 44 = j - 3*c. Let g = 39 + -56. Let r = g + j. What is the units digit of r?
1
What is the ten thousands digit of (741762/435)/(((-2)/(-40))/((-10)/(-12)))?
2
Suppose -3*n + 148 = -32. Let u be (-24204)/n + 2/5. Let a = -179 - u. What is the hundreds digit of a?
2
Let y(u) = -12*u + 314. Let r be y(26). Suppose 5*h - 1553 = -r*f, -4*h - 2469 - 1463 = -5*f. What is the units digit of f?
4
Suppose 26*m + 908 = 28*m. Let w = m - 199. What is the hundreds digit of w?
2
Suppose 5*s - 28580 = -2*p, -4*s - 2910 = p - 17197. What is the ten thousands digit of p?
1
Suppose -2844 = 966*d - 972*d. Let w = 838 + d. What is the hundreds digit of w?
3
Let l = -51 + 73. Suppose -r + 0*r = -4*s - 22, -r = 2*s - l. Suppose r*i - 854 = 8*i. What is the tens digit of i?
6
Let f(a) = -2400*a - 111. What is the hundreds digit of f(-2)?
6
Suppose 7 + 5 = 3*t. Let u(j) = 2*j - 10. Let o be u(t). What is the tens digit of (156/(-18))/(o/9)?
3
Let s be (9/(-15))/((-1)/35). Let u(f) = -5*f - 50. Let x be u(-10). Let j = s - x. What is the tens digit of j?
2
Let w(o) = -7*o**3 - 74*o**2 + 164*o + 59. What is the ten thousands digit of w(-19)?
1
Let c = 406 - 404. Suppose 645 = -c*m + 2147. What is the tens digit of m?
5
Suppose -4*q = -3*a - 436, -q + 0*q + 2*a = -104. What is the hundreds digit of (-4 - 213/12)/((-6)/q)?
4
What is the hundreds digit of (-2)/(-5*(-6)/(-45)) + 6750?
7
What is the ten thousands digit of 7 - (-1 - 1 - (-15 - -11748))?
1
Let o(c) = c**3 + 22*c**2 - 2*c - 18. Let u be o(-23). Let g = 1578 + u. What is the tens digit of (g/6 - -3)*20/25?
4
Suppose 5*u = -5*n - 110, 0 = u + u - 2*n + 64. Let r = 344 + u. What is the tens digit of r?
1
Let x(i) = -i**2 - 8*i - 13. Let q be x(-5). Suppose q*m + 4126 = 5*g, 6*m + 3293 = 4*g + 7*m. What is the units digit of g?
4
Suppose 4*i - 2*y = y + 6571, y = -i + 1641. Let v = -943 + i. What is the tens digit of v?
9
Suppose -3*b + b + 4 = -2*l, 2*l + 5*b - 24 = 0. Suppose -y = -s + 536, -3*s - l*y = 2*s - 2673. What is the hundreds digit of s?
5
What is the thousands digit of (-25)/(-10)*(-2 + 401208/20)?
0
Suppose 0 = -35*p + 303 + 257. Suppose 2964 + 3356 = p*r. What is the tens digit of r?
9
What is the thousands digit of (-178618)/(-46) - (-20 - -2)*2/(-6)?
3
Let p(n) = -5*n**2 + 32*n**2 + 45*n**2 - 9*n**2 - 9*n + 12. What is the hundreds digit of p(2)?
2
Let f(s) = -s**3 - 10*s**2 - 6*s + 11. Let w be f(-8). Let h be (-6)/(-24) + w/(-12). Suppose 2*u = 6 + h. What is the units digit of u?
6
Let t(s) = 57*s - 18. Let l be t(-3). Let k = 113 + l. Let d = 17 - k. What is the tens digit of d?
9
Suppose -36*n + 32*n + r + 257 = 0, -10 = 2*r. What is the tens digit of n?
6
Suppose 3*m - 4*s - 15 = 0, -4*m + 5*s - s = -20. Suppose 65 = 5*z + m*b, b = -z + 2*b + 7. Suppose 20 + z = 2*g. What is the units digit of g?
5
What is the hundreds digit of (-2121)/(-202)*3032/6*3?
9
Suppose 4*i = 5*w + 3318, 5*w - 539 = -i + 303. Suppose 0 = 5*n + 3*n - 144. What is the tens digit of i/n + (-12)/54?
4
Suppose -317 = 3*f - 1127. What is the tens digit of (-28)/(-12)*(-4)/(-7)*f?
6
Let f(z) = -4*z**3 - 26*z**2 + 12*z + 23. Let m be f(-8). Suppose -316*h + 1075 = -m*h. What is the tens digit of h?
1
Let k be 4029/(-68) - (2/(-8) - -1). What is the tens digit of (-10250)/k + (21/18)/7?
7
Suppose 3*b - b - 5*f - 22 = 0, -4*b + 34 = -5*f. Let d(l) = l**3 - 7*l**2 + 8*l - 8. Let o be d(b). What is the units digit of o + 1*6/(-3)?
2
What is the units digit of (-2 + 0)*2*421777/(-788)?
1
Let k(a) = a**2 - 5*a - 10. Let f be k(7). Suppose 5*u + 4*h = -0*h - 90, f*u - h = -72. What is the units digit of 96 - (5/6 - 3/u)?
5
Let s(n) = 9*n - 32. Let m be s(0). Let p be (-1266)/16 + (-68)/m + -2. Let t = 146 + p. What is the units digit of t?
7
Let t be -2 + 5418 - (-42)/(-7). What is the hundreds digit of t/12 + 28/168?
4
Suppose 503*p - 508*p + 705 = 0. Suppose 4*n + 5*g - p = 0, 2*g + 7 = 1. What is the tens digit of n?
3
Suppose u + 5*m + 23 = 2*u, -52 = -5*u + 4*m. Suppose -2*i + 2*n + u = 0, 0*i - 3*n = -i + 14. What is the tens digit of (-17)/i + (0 + -1)*1?
1
Let k be 6016/14 + 2*3/21. Suppose -3*q - k = 2*q. What is the units digit of -1*((-2)/(-2) + q)?
5
What is the thousands digit of (-48199)/(-8) + 34/272?
6
Suppose -154*d - 34755 = -157*d - 3*m, 2*m = 4*d - 46292. What is the hundreds digit of d?
5
Suppose -3*s + 4*j = -7, 0 = -2*s + s + 2*j - 1. Suppose 1523 = 13*p - s*p + z, -4*z = -4*p + 1528. What is the tens digit of p?
8
Let i(w) = -w**3 + 4*w**2 + 4*w + 9. Let l be i(5). Suppose -4*f = 2*c + 2*c - 392, -l*f = c - 404. What is the units digit of f?
2
Let k(j) = 130*j - 30. Let l(x) = 43*x - 10. Let w(g) = -4*k(g) + 11*l(g). What is the units digit of w(-7)?
9
Suppose 127*q = 116*q + 5687. What is the units digit of q?
7
Let p be 68/(-7)*77/(-22). Let n = p - 71. Let m = 57 + n. What is the tens digit of m?
2
Let k be (192/112)/(4/9114). Suppose 351 + 2769 = 4*u - 4*y, -k = -5*u - y. What is the tens digit of u?
8
Let n(f) = 15*f + 3. Let q be n(3). Let y = 97 - q. Let k = y - 16. What is the units digit of k?
3
Let l